{"id":41190,"date":"2026-03-10T17:03:41","date_gmt":"2026-03-10T17:03:41","guid":{"rendered":"https:\/\/lacabila.com\/eventos\/?post_type=product&#038;p=41190"},"modified":"2026-08-22T18:16:13","modified_gmt":"2026-08-22T18:16:13","slug":"michael-jackson-experience","status":"publish","type":"product","link":"https:\/\/lacabila.com\/eventos\/index.php\/producto\/michael-jackson-experience\/","title":{"rendered":"MICHAEL JACKSON EXPERIENCE"},"content":{"rendered":"<div class=\"g-group l-lg-mar-bot-6 l-md-mar-bot-4 l-pad-bot-6\">\n<div class=\"g-cell g-cell-10-12 g-cell-md-1-1\">\n<div class=\"has-user-generated-content\">\n<div data-automation=\"listing-event-description\"><strong>No te pierdas Michael Jackson Experience en La C\u00e1bila<\/strong><\/div>\n<div data-automation=\"listing-event-description\"><\/div>\n<div class=\"text-body-medium\" data-automation=\"listing-event-description\">SABADO 22 AGOSTO<\/div>\n<\/div>\n<\/div>\n<\/div>\n<div class=\"g-group l-mar-bot-6 l-sm-mar-bot-4\">\n<div class=\"structured-content g-cell g-cell-10-12 g-cell-md-1-1\">\n<div class=\"has-user-generated-content\" data-automation=\"about-this-event-sc\">\n<div class=\"structured-content-rich-text structured-content__module l-align-left l-mar-vert-6 l-sm-mar-vert-4 text-body-medium\">\n<p>Michael Jackson Experience en La C\u00e1bila.<\/p>\n<p>Y luego&#8230; disfruta de la mejor m\u00fasica de los <strong>80&#8217;s<\/strong><\/p>\n<p>Entradas anticipadas desde 12\u20ac<\/p>\n<p>APERTURA DE PUERTAS A LAS 22:00<\/p>\n<p>INICIO SHOW A LAS 23:00<\/p>\n<p>*Los menores de edad deber\u00e1n ir acompa\u00f1ados de un adulto<br \/>\n*Acceso gratuito para ni\u00f1os hasta 5 a\u00f1os<\/p>\n<\/div>\n<\/div>\n<\/div>\n<\/div>\n","protected":false},"excerpt":{"rendered":"<p>No te pierdas Michael Jackson Experience en La C\u00e1bila SABADO 22 AGOSTO Michael Jackson Experience en La C\u00e1bila. Y luego&#8230; disfruta de la mejor m\u00fasica de los 80&#8217;s Entradas anticipadas desde 12\u20ac APERTURA DE PUERTAS A LAS 22:00 INICIO SHOW A LAS 23:00 *Los menores de edad deber\u00e1n ir acompa\u00f1ados de un adulto *Acceso gratuito [&hellip;]<\/p>\n","protected":false},"author":1,"featured_media":41189,"template":"","meta":[],"product_brand":[],"product_cat":[19],"product_tag":[],"class_list":["post-41190","product","type-product","status-publish","has-post-thumbnail","product_cat-musica","first","outofstock","taxable","shipping-taxable","purchasable","product-type-simple"],"jetpack_sharing_enabled":true,"_links":{"self":[{"href":"https:\/\/lacabila.com\/eventos\/index.php\/wp-json\/wp\/v2\/product\/41190","targetHints":{"allow":["GET"]}}],"collection":[{"href":"https:\/\/lacabila.com\/eventos\/index.php\/wp-json\/wp\/v2\/product"}],"about":[{"href":"https:\/\/lacabila.com\/eventos\/index.php\/wp-json\/wp\/v2\/types\/product"}],"author":[{"embeddable":true,"href":"https:\/\/lacabila.com\/eventos\/index.php\/wp-json\/wp\/v2\/users\/1"}],"wp:featuredmedia":[{"embeddable":true,"href":"https:\/\/lacabila.com\/eventos\/index.php\/wp-json\/wp\/v2\/media\/41189"}],"wp:attachment":[{"href":"https:\/\/lacabila.com\/eventos\/index.php\/wp-json\/wp\/v2\/media?parent=41190"}],"wp:term":[{"taxonomy":"product_brand","embeddable":true,"href":"https:\/\/lacabila.com\/eventos\/index.php\/wp-json\/wp\/v2\/product_brand?post=41190"},{"taxonomy":"product_cat","embeddable":true,"href":"https:\/\/lacabila.com\/eventos\/index.php\/wp-json\/wp\/v2\/product_cat?post=41190"},{"taxonomy":"product_tag","embeddable":true,"href":"https:\/\/lacabila.com\/eventos\/index.php\/wp-json\/wp\/v2\/product_tag?post=41190"}],"curies":[{"name":"wp","href":"https:\/\/api.w.org\/{rel}","templated":true}]}}

<div class="g-group l-lg-mar-bot-6 l-md-mar-bot-4 l-pad-bot-6">
<div class="g-cell g-cell-10-12 g-cell-md-1-1">
<div class="has-user-generated-content">
<div data-automation="listing-event-description"><strong>No te pierdas Michael Jackson Experience en La Cábila</strong></div>
<div data-automation="listing-event-description"></div>
<div class="text-body-medium" data-automation="listing-event-description">SABADO 22 AGOSTO</div>
</div>
</div>
</div>
<div class="g-group l-mar-bot-6 l-sm-mar-bot-4">
<div class="structured-content g-cell g-cell-10-12 g-cell-md-1-1">
<div class="has-user-generated-content" data-automation="about-this-event-sc">
<div class="structured-content-rich-text structured-content__module l-align-left l-mar-vert-6 l-sm-mar-vert-4 text-body-medium">
<p>Michael Jackson Experience en La Cábila.</p>
<p>Y luego&#8230; disfruta de la mejor música de los <strong>80&#8217;s</strong></p>
<p>Entradas anticipadas desde 12€</p>
<p>APERTURA DE PUERTAS A LAS 22:00</p>
<p>INICIO SHOW A LAS 23:00</p>
<p>*Los menores de edad deberán ir acompañados de un adulto<br />
*Acceso gratuito para niños hasta 5 años</p>
</div>
</div>
</div>
</div>

<p>No te pierdas Michael Jackson Experience en La Cábila SABADO 22 AGOSTO Michael Jackson Experience en La Cábila. Y luego&#8230; disfruta de la mejor música de los 80&#8217;s Entradas anticipadas desde 12€ APERTURA DE PUERTAS A LAS 22:00 INICIO SHOW A LAS 23:00 *Los menores de edad deberán ir acompañados de un adulto *Acceso gratuito [&hellip;]</p>
