{"id":151,"date":"2022-05-30T22:04:28","date_gmt":"2022-05-30T22:04:28","guid":{"rendered":"https:\/\/lacabila.com\/eventos\/?page_id=151"},"modified":"2022-05-30T22:04:30","modified_gmt":"2022-05-30T22:04:30","slug":"clausula-de-consentimiento","status":"publish","type":"page","link":"https:\/\/lacabila.com\/eventos\/index.php\/clausula-de-consentimiento\/","title":{"rendered":"Clausula de consentimiento"},"content":{"rendered":"\n<p class=\"wp-block-paragraph\"><strong>AUTORIZA<\/strong>, con base jur\u00eddica como interesado, consintiendo nuestra pol\u00edtica de protecci\u00f3n de datos personales, de forma inequ\u00edvoca, al recibir tratamiento o bienes y servicios de IBESAR PROJECT MANAGEMENT, S.L. (www.lacabila.com), conforme al REGLAMENTO (UE) 2016\/679 DEL PARLAMENTO EUROPEO Y DEL CONSEJO de 27 de abril de 2016 relativo a la protecci\u00f3n de las personas f\u00edsicas en lo que respecta al tratamiento de datos personales y a la Ley Org\u00e1nica 3\/2018, de 5 de diciembre, de Protecci\u00f3n de Datos Personales y garant\u00eda de los derechos digitales, se le informa que como USUARIO de www.lacabila.com, sus datos personales, que directamente nos proporciona, ser\u00e1n incorporados al fichero o tratamiento con las finalidades de;<\/p>\n\n\n\n<p class=\"wp-block-paragraph\">-Informarle sobre los servicios ofrecidos por nuestra empresa.<\/p>\n\n\n\n<p class=\"wp-block-paragraph\">-Gesti\u00f3n de cobros-pagos y facturaci\u00f3n.<\/p>\n\n\n\n<p class=\"wp-block-paragraph\">-Responder a consultas sobre nuestros productos y servicios.<\/p>\n\n\n\n<p class=\"wp-block-paragraph\">\u25a1 Acciones de fidelizaci\u00f3n, (Newsletter) y env\u00edos promocionales.<\/p>\n\n\n\n<p class=\"wp-block-paragraph\">Siendo el plazo de conservaci\u00f3n de sus datos personales el de 5 a\u00f1os por la legislaci\u00f3n de Hacienda P\u00fablica y los plazos establecidos en las dem\u00e1s de aplicaci\u00f3n a los mismos.&nbsp;<\/p>\n\n\n\n<p class=\"wp-block-paragraph\">En cualquier momento y de forma gratuita, puede ejercer sus derechos de oposici\u00f3n, acceso, rectificaci\u00f3n o supresi\u00f3n, portabilidad, olvido, limitaci\u00f3n del tratamiento, etc., en IBESAR PROJECT MANAGEMENT, S.L., por email; <a href=\"mailto:eventos@lacabila.com\">eventos@lacabila.com<\/a> o por correo ordinario;&nbsp;<\/p>\n\n\n\n<p class=\"wp-block-paragraph\">IBESAR PROJECT MANAGEMENT, S.L. &nbsp; CIF B42580266&nbsp;&nbsp;&nbsp;<\/p>\n\n\n\n<p class=\"wp-block-paragraph\">CL. ALONA, 32, 2\u00baD, C.P. 03007, ALICANTE<\/p>\n\n\n\n<p class=\"wp-block-paragraph\">As\u00ed como, en cualquier momento puede revocar este consentimiento, as\u00ed como presentar una reclamaci\u00f3n, (si considerase que el tratamiento de los datos personales, no se ajusta a las finalidades o es desproporcionado), ante la autoridad de control la Agencia Espa\u00f1ola de Protecci\u00f3n de Datos. Cl. Jorge Juan, 6 28001 Madrid. 901 100 099 &#8211; 912 663 517.<\/p>\n","protected":false},"excerpt":{"rendered":"<p>AUTORIZA, con base jur\u00eddica como interesado, consintiendo nuestra pol\u00edtica de protecci\u00f3n de datos personales, de forma inequ\u00edvoca, al recibir tratamiento o bienes y servicios de IBESAR PROJECT MANAGEMENT, S.L. (www.lacabila.com), conforme al REGLAMENTO (UE) 2016\/679 DEL PARLAMENTO EUROPEO Y DEL CONSEJO de 27 de abril de 2016 relativo a la protecci\u00f3n de las personas f\u00edsicas [&hellip;]<\/p>\n","protected":false},"author":1,"featured_media":0,"parent":0,"menu_order":0,"comment_status":"closed","ping_status":"closed","template":"","meta":{"footnotes":""},"class_list":["post-151","page","type-page","status-publish","hentry"],"jetpack_sharing_enabled":true,"_links":{"self":[{"href":"https:\/\/lacabila.com\/eventos\/index.php\/wp-json\/wp\/v2\/pages\/151","targetHints":{"allow":["GET"]}}],"collection":[{"href":"https:\/\/lacabila.com\/eventos\/index.php\/wp-json\/wp\/v2\/pages"}],"about":[{"href":"https:\/\/lacabila.com\/eventos\/index.php\/wp-json\/wp\/v2\/types\/page"}],"author":[{"embeddable":true,"href":"https:\/\/lacabila.com\/eventos\/index.php\/wp-json\/wp\/v2\/users\/1"}],"replies":[{"embeddable":true,"href":"https:\/\/lacabila.com\/eventos\/index.php\/wp-json\/wp\/v2\/comments?post=151"}],"version-history":[{"count":1,"href":"https:\/\/lacabila.com\/eventos\/index.php\/wp-json\/wp\/v2\/pages\/151\/revisions"}],"predecessor-version":[{"id":153,"href":"https:\/\/lacabila.com\/eventos\/index.php\/wp-json\/wp\/v2\/pages\/151\/revisions\/153"}],"wp:attachment":[{"href":"https:\/\/lacabila.com\/eventos\/index.php\/wp-json\/wp\/v2\/media?parent=151"}],"curies":[{"name":"wp","href":"https:\/\/api.w.org\/{rel}","templated":true}]}}

<p class="wp-block-paragraph"><strong>AUTORIZA</strong>, con base jurídica como interesado, consintiendo nuestra política de protección de datos personales, de forma inequívoca, al recibir tratamiento o bienes y servicios de IBESAR PROJECT MANAGEMENT, S.L. (www.lacabila.com), conforme al REGLAMENTO (UE) 2016/679 DEL PARLAMENTO EUROPEO Y DEL CONSEJO de 27 de abril de 2016 relativo a la protección de las personas físicas en lo que respecta al tratamiento de datos personales y a la Ley Orgánica 3/2018, de 5 de diciembre, de Protección de Datos Personales y garantía de los derechos digitales, se le informa que como USUARIO de www.lacabila.com, sus datos personales, que directamente nos proporciona, serán incorporados al fichero o tratamiento con las finalidades de;</p>



<p class="wp-block-paragraph">-Informarle sobre los servicios ofrecidos por nuestra empresa.</p>



<p class="wp-block-paragraph">-Gestión de cobros-pagos y facturación.</p>



<p class="wp-block-paragraph">-Responder a consultas sobre nuestros productos y servicios.</p>



<p class="wp-block-paragraph">□ Acciones de fidelización, (Newsletter) y envíos promocionales.</p>



<p class="wp-block-paragraph">Siendo el plazo de conservación de sus datos personales el de 5 años por la legislación de Hacienda Pública y los plazos establecidos en las demás de aplicación a los mismos.&nbsp;</p>



<p class="wp-block-paragraph">En cualquier momento y de forma gratuita, puede ejercer sus derechos de oposición, acceso, rectificación o supresión, portabilidad, olvido, limitación del tratamiento, etc., en IBESAR PROJECT MANAGEMENT, S.L., por email; <a href="mailto:eventos@lacabila.com">eventos@lacabila.com</a> o por correo ordinario;&nbsp;</p>



<p class="wp-block-paragraph">IBESAR PROJECT MANAGEMENT, S.L. &nbsp; CIF B42580266&nbsp;&nbsp;&nbsp;</p>



<p class="wp-block-paragraph">CL. ALONA, 32, 2ºD, C.P. 03007, ALICANTE</p>



<p class="wp-block-paragraph">Así como, en cualquier momento puede revocar este consentimiento, así como presentar una reclamación, (si considerase que el tratamiento de los datos personales, no se ajusta a las finalidades o es desproporcionado), ante la autoridad de control la Agencia Española de Protección de Datos. Cl. Jorge Juan, 6 28001 Madrid. 901 100 099 &#8211; 912 663 517.</p>

<p>AUTORIZA, con base jurídica como interesado, consintiendo nuestra política de protección de datos personales, de forma inequívoca, al recibir tratamiento o bienes y servicios de IBESAR PROJECT MANAGEMENT, S.L. (www.lacabila.com), conforme al REGLAMENTO (UE) 2016/679 DEL PARLAMENTO EUROPEO Y DEL CONSEJO de 27 de abril de 2016 relativo a la protección de las personas físicas [&hellip;]</p>
